e n(-6).
-4
Let s(f) = -3*f + 2*f - 4*f + 4*f + 2. Give s(2).
0
Let k(q) be the second derivative of -q**7/2520 + q**6/720 + q**5/120 + q**4/3 + 3*q. Let s(z) be the third derivative of k(z). What is s(2)?
-1
Let z(l) = -2*l + 1. Let h be z(-2). Let v be (1*-1)/(h + -4). Let w(b) = 9*b**2 - b - 1. Calculate w(v).
9
Suppose 0 = -5*k + 7*k. Let r(j) = j - 4. Give r(k).
-4
Let g = -94 - -92. Let y(p) = -p - 1. Calculate y(g).
1
Suppose -x = 5*a - 13, 0 = -3*a - 0*x + 3*x + 15. Suppose -a*p - 44 = p. Let h = p - -16. Let t(i) = -i**2 + 5*i + 2. What is t(h)?
2
Let a = -14 - -17. Suppose -2 = -u + a. Let f(r) be the second derivative of -r**3/6 + 9*r**2/2 - r. What is f(u)?
4
Let f(q) = 3*q**3 + 2*q**2 - q. Let h(i) be the first derivative of i**4/4 + 8*i**3/3 + i**2/2 + 9*i - 1. Let c be h(-8). Determine f(c).
4
Let o(g) = 2*g + 13. Let z be o(-9). Let s(v) = v**3 + 5*v**2 + 7*v + 1. Let k(i) = -3 + 3 - i**2. Let w(c) = -k(c) + s(c). Calculate w(z).
-9
Suppose -2*x + 15 = 3*x. Let l(m) = -m - m - m**2 + x*m**2 - 1 + m**3 + 2*m**2. Give l(-4).
7
Let a(m) = m. Let t(x) = -4*x + 1. Let z(y) = -5*a(y) - t(y). Let u be (-1)/(-5) - 2/10. Calculate z(u).
-1
Let x(q) be the third derivative of 2*q**5/15 - q**3/6 - 5*q**2. Determine x(1).
7
Let r(g) be the second derivative of g**4/12 - g**3/2 + g**2/2 - 2*g. Let o(m) = -m + 10. Let w be o(0). Let b be (3/(-5))/((-2)/w). Give r(b).
1
Let n(s) = -s**2 + 6*s + 5. Let v be n(6). Let u(f) = -v*f**2 - f**2 + f + 7*f**3 + 4*f**2. Let z(b) = -b + 4. Let d be z(3). What is u(d)?
6
Let b be (9/2)/(9/24). Let k = b + -17. Let j(v) = -v**2 - 3*v. Determine j(k).
-10
Let k(g) be the second derivative of -2*g**2 + 0 + 1/12*g**4 + 1/6*g**3 - g. Calculate k(0).
-4
Let p(n) = -n**3 + 11*n**2 + 12*n - 10. Let j(v) = -8*v + 4. Let t be j(-1). Determine p(t).
-10
Let n be (3 - 6) + 6 + 0. Suppose -3*s - 4 = -0*s - 5*v, s = n*v. Let g(p) = p**2 + 3*p - 3. Give g(s).
-3
Let q(r) = r**2 + 1. Let v(b) = 2*b + 5. Let g(d) = 4*q(d) - v(d). Let n(o) = -o**3 + 6*o**2 + 15*o + 7. Let u be n(8). Calculate g(u).
5
Let h(c) = -c + 3. Let j = 109 - 104. What is h(j)?
-2
Let j be (1 - 4) + 1 - 2. Let g(n) be the third derivative of n**6/120 + n**5/20 - 5*n**4/24 + n**3/2 - 2*n**2 + 5*n. Determine g(j).
7
Let x(l) be the third derivative of -l**5/60 + l**3/2 + l**2. Let r(h) be the first derivative of x(h). Let j be (-8)/28 - 24/14. Calculate r(j).
4
Let n = 14 + -16. Let g(q) = q**2 + 3*q + 3. Determine g(n).
1
Let w(y) = -y**2 + 4*y - 4. Let l(p) = -p**2 + 3*p - 3. Let o(v) = -2*l(v) + 3*w(v). Calculate o(5).
-1
Let k(h) = -3*h**3 - h**2 - h - 2. Let t = 12 - 7. Let c(o) = 7*o**3 + 2*o**2 + 2*o + 5. Let q(n) = t*k(n) + 2*c(n). Determine q(-2).
6
Suppose -15 = 4*t - 7*t. Let n(d) be the first derivative of -d**4/4 + 5*d**3/3 + d**2/2 - 7*d + 4. What is n(t)?
-2
Let m(x) = 3*x. Let i(z) = -z + 4. Let u(a) = a**2 - 11*a + 6. Let f be u(11). Let b be i(f). Determine m(b).
-6
Let r(d) = d**2 - d + 12. Let u(b) = b**2 + 11. Let c(m) = -5*r(m) + 6*u(m). Give c(-4).
2
Let h(u) = -2*u + 1. Let g(y) = y**2 - 7*y + 4. Let w(a) = -2*g(a) + 9*h(a). Give w(-3).
-5
Let o(i) = -2*i + i**2 - 2*i**2 - i**3 - 2 + 3 - 3. What is o(-2)?
6
Suppose -2*b = -0*b. Suppose b = g - 4*g + 12. Let m(a) be the first derivative of a**4/4 - 2*a**3 + 3*a**2 + 1. Calculate m(g).
-8
Suppose -u - 4*u + 5*q + 10 = 0, -2*q = -4. Let h(d) = -2*d + 4. Determine h(u).
-4
Let d(a) = -3*a + a**2 + a - a - 5. Let c be (-14)/(-3) - 4/6. Let r be d(c). Let y(h) = h**2 + 2*h + 1. Give y(r).
0
Suppose -6*d + d = -5. Let r(k) = -1 + 3 + d + 2 + 2*k**2 + 7*k. Give r(-4).
9
Let g = 12 + -9. Let p(d) = -2*d + 6*d - g*d. What is p(-3)?
-3
Let q(x) be the second derivative of x**5/20 + 5*x**4/12 - x**3 + 3*x**2 + 6*x. Determine q(-6).
6
Let u(f) be the first derivative of f**5/60 - f**4/24 + f**3 + f**2/2 + 1. Let y(k) be the second derivative of u(k). Give y(0).
6
Suppose -5*a + 0*d + 3*d = -16, d - 28 = -5*a. Suppose 0 = -4*j + 2*u - 0*u + 14, -a*j + 2*u + 17 = 0. Let h(w) = w**2 - 3*w. Calculate h(j).
0
Let x(m) = -2*m + 5. Let y = 11 + -6. Let h be (y/1)/(2 - 1). Determine x(h).
-5
Suppose 5*d = f + 2*f - 4, 0 = -3*f + 3*d - 6. Let g(j) = -j**2 - 7*j + 5. Determine g(f).
5
Let c(z) be the third derivative of -z**4/2 - 7*z**3/6 - 6*z**2. Let a(u) = -u - 1. Let g(k) = -6*a(k) + c(k). Let o = -1 - 0. What is g(o)?
5
Let i(w) be the second derivative of -w**3/3 + 3*w**2/2 + w. Calculate i(2).
-1
Suppose p = -2*p - 18. Let l(u) = u**2 + 8*u + 5. What is l(p)?
-7
Let i(w) = -w**3 + 7*w**2 + 5*w + 8. Let u = 32 + -24. Determine i(u).
-16
Let m(n) = -n**3 - 7*n**2 + n + 5. Let h(g) = -g**2 - 7*g + 23. Let d be h(-10). Calculate m(d).
-2
Let f(o) = -o**2 - 9*o - 9. Suppose 31 = -4*l - 5*g + 2*g, -4*l + 2*g = 26. Calculate f(l).
5
Let i(l) be the first derivative of -l**3/3 + 5*l**2/2 + 2*l - 1. Let a(z) = z - 1. Let h be a(6). Determine i(h).
2
Let h(n) = n**2 + 6*n + 5. Let r(o) = o**3 + 27*o**2 - 28*o - 6. Let b be r(-28). Give h(b).
5
Let k(l) = 2*l**3 + 4*l**2 + 3*l. Suppose 12 + 2 = -c + 3*b, 4*b - 18 = c. Give k(c).
-6
Let d = 0 - 1. Let r(q) be the third derivative of 0*q**4 + 0 - 2*q**2 + 0*q + 0*q**3 + 1/60*q**5 - 1/40*q**6. Calculate r(d).
4
Let w(i) be the second derivative of i**4/12 - 3*i**2/2 - 3*i. Suppose 2*x = -3*x. What is w(x)?
-3
Let y(b) be the first derivative of b**4/4 + 2*b**3/3 + b**2/2 + 3*b + 4. Calculate y(-3).
-9
Let j(d) = -13*d**3 - d + 1. Suppose -p = 10 - 11. Give j(p).
-13
Suppose 14 = -6*v - v. Let c(l) = -l**2 - 2*l - 1. Determine c(v).
-1
Suppose 4*j - 88 = -7*j. Let m(q) = q - 8. Determine m(j).
0
Let i(n) = 2*n**3 + n**2 + 2*n - 1. Let m(j) = -j + 1. Let p(u) = -i(u) - 3*m(u). Suppose 0*s = -s - 16. Let d be (-12)/30 + s/10. Determine p(d).
8
Let d = -80 + 77. Let j(p) be the first derivative of -1/3*p**3 - 2*p - 1 - 5/2*p**2. Calculate j(d).
4
Let w(h) = 3*h + 1. Suppose 2 = -5*u + 52. Suppose 3*p = p + u. Suppose -4*o - p + 1 = -2*y, 5*y + 6 = 2*o. Determine w(y).
-5
Let l(k) be the second derivative of -k**4/12 - 4*k**3/3 - 3*k**2/2 - 9*k. Determine l(-6).
9
Suppose r - 4 = -r. Let z(m) = m + 6. Let c be z(-6). Let a(q) = 4 + c*q - q**2 + 0*q**r - 3*q. Determine a(-3).
4
Let m(c) = c**2 + 0*c**2 - 2*c + c + 4*c**2. What is m(-1)?
6
Let b(v) be the second derivative of v**4/12 - 7*v**3/6 - 5*v**2 - 12*v. Calculate b(8).
-2
Let h(x) = -2*x**3 - 4*x + 7. Let b(z) = z**3 + 3*z - 5. Let p(y) = -7*b(y) - 5*h(y). Calculate p(1).
2
Let z(x) = -2*x**2 - 54*x - 52. Let g be z(-26). Let a = -4 + 6. Let q(l) = 2*l - l**2 - a - 2*l + l. What is q(g)?
-2
Suppose 176*p - 173*p + 15 = 0. Let l(j) be the second derivative of -j**4/12 - j**3 - 5*j**2/2 - j. What is l(p)?
0
Let t(b) = 4*b**2 + 4*b + 16. Let o(g) = 5*g**2 + 5*g + 17. Let m(n) = 3*o(n) - 4*t(n). What is m(0)?
-13
Let j(s) = s + 2. Suppose -y = y. Let f be j(y). Let h(o) = 0*o**3 + o**3 - f + 3. What is h(0)?
1
Let b be (-17)/51 - 32/(-6). Let c(m) = -m**2 + 3*m + 2. Determine c(b).
-8
Let f(o) = o**3 + o**2 - o + 2. Let m be f(-2). Let n(u) be the third derivative of 1/60*u**5 + 1/24*u**4 + 0 + 0*u**3 + 0*u + 2*u**2. Calculate n(m).
0
Let n(u) = -u**2 - 4*u - 1. Let k = 17 - 1. Suppose -l + q - 2 = 0, 0*l - 4*q + k = 4*l. Let w = l - 4. What is n(w)?
2
Let y be (-1)/(4/(-2))*6. Let q(b) = 0 + b**y + 3 + 0*b**2 - b**2 + 4*b**2 + 3*b. Let x = 3 - 6. What is q(x)?
-6
Let f = 24 + -17. Let a(i) = 0*i**2 + 6*i**2 - 6*i + 0*i**2 - f*i**2 + 1. Suppose 3*u - 4*u = 5. Calculate a(u).
6
Let a(v) = v + 7. Let o = -33 + 28. Calculate a(o).
2
Suppose -5*l + 2*y = -3, 4*l - 11 = 4*y + 1. Let b be 0/(l*(1 - 0)). Suppose 5*m - 10 + 0 = b. Let i(t) = t**3 - 3*t**2 + 2*t - 2. Calculate i(m).
-2
Let c be 18/3*3/9. Let s be 2 + (0 - 1)*c. Let u(m) = -m - 5. Give u(s).
-5
Let h(a) = 2*a**3 + a**2 - 1. Suppose 2*c = -d - 11, c + 2*d - d = -6. Let t = 8 + c. Suppose r + 2 - t = 0. Give h(r).
2
Let o = -29 + 10. Let m = o + 30. Let a(y) = 10*y - 41. Let w(j) = 2*j - 8. Let p(r) = m*w(r) - 2*a(r). Determine p(4).
2
Let y(u) = u**2 - 8*u - 7. Let m(i) = -i**2 + 7*i + 7. Let d(c) = 5*m(c) + 4*y(c). Let t = 12 + -7. Calculate d(t).
-3
Suppose 5*k = 5*b - 35, 5*b - 2*k - 7 = 13. Let c(a) = -a**b + 4*a + 0*a - 3 + 0. Calculate c(2).
